 is the remainder when 37 is divided by q?
11
Let v = 54 + -31. What is the remainder when v is divided by 7?
2
Let b = 108 + -84. Calculate the remainder when b is divided by 14.
10
Let s = -11 - -13. What is the remainder when s/(-4) - 86/(-4) is divided by 11?
10
Let f(i) = 2*i**2 + 6*i + 3. Let v(k) = 2*k**2 + 4*k + 2. What is the remainder when f(-5) is divided by v(-3)?
7
Let d = 55 - 45. Calculate the remainder when d is divided by 3.
1
Suppose l = -4*l + 110. Let n(j) = j**3 - 4*j**2 - 7*j - 2. Let o be n(5). Let y = o + l. What is the remainder when y is divided by 6?
4
Let k(c) = c**3 + 5*c**2 + c - 3. Calculate the remainder when 33 is divided by k(-3).
9
What is the remainder when (-2355)/(-55) + 4/22 is divided by 11?
10
Let p = 17 - 12. Calculate the remainder when 17 is divided by p.
2
Suppose h = -19 + 21. Suppose -r - 4 = -13. Let i = r - h. What is the remainder when 20 is divided by i?
6
Suppose 4*t - 2*t - 8 = 0. Suppose 0 = 5*l + 4*v - 103 + 4, t*v = 5*l - 131. Calculate the remainder when l is divided by 12.
11
Suppose 3*a - 9 = -4*g, -4*g = -a + 16 + 3. Suppose l - a*m + 36 = -3*m, -m = -l - 30. Let j = 59 + l. What is the remainder when j is divided by 16?
15
Calculate the remainder when 73 is divided by (-51)/(-17) - -1*2*8.
16
Calculate the remainder when -122*(15/6 - 3) is divided by 32.
29
Suppose -2*p = -g + 7, -p = -3*g + 21 - 5. Suppose -99 = -g*l + 126. What is the remainder when l is divided by 23?
22
Let h be -1*(-5)/2*2. Let m = h - 15. Let p = 32 + m. What is the remainder when p is divided by 6?
4
Let r = -4 - -10. Calculate the remainder when r is divided by 3.
0
What is the remainder when 57 is divided by 15/((16/4)/4)?
12
Let j(o) = o + 1. What is the remainder when j(8) is divided by 4?
1
Suppose 0 = 5*x + m + 7, -5*x + 4 = 3*m + 5. Let v be x/8 + 90/8. Suppose 0 = -c - 0*c + v. Calculate the remainder when 31 is divided by c.
9
Let x = 239 - 348. Let n = x - -76. Let d = 5 - n. What is the remainder when d is divided by 13?
12
Suppose 5*m - 4*t = 60, 3*m - 2 + 3 = -5*t. Suppose 2*z - 4*z + 4 = 0. Suppose 4*b = z*b + 10. Calculate the remainder when m is divided by b.
3
What is the remainder when 33 is divided by (1 + (-16)/12)*-27?
6
Let h(s) = s + 2. What is the remainder when h(6) is divided by 5?
3
Let b(n) = n**3 + 1. Suppose 0 = 3*l + 5*q - 3, -3*l + 2*l + 1 = -3*q. Calculate the remainder when 2 is divided by b(l).
0
Suppose -21 = -r - 0*l - 2*l, 13 = r + 4*l. What is the remainder when 142 is divided by r?
26
Suppose -5*m + 3*r = -136, 3*m + 98 = 7*m + 3*r. Suppose 0 = -3*p + 13 + m. What is the remainder when 25 is divided by p?
12
Calculate the remainder when 30 is divided by 22/55 + 78/5.
14
Let g be ((-1)/(-2))/((-1)/6). Let j = g + 8. What is the remainder when (-2)/9 + (-238)/(-18) is divided by j?
3
Let k(q) = 4*q**3 + q - 1. Let a be k(1). Suppose -a*u + 3 = -9. What is the remainder when 4 is divided by u?
1
Suppose -31*p = -36*p + 75. What is the remainder when 88 is divided by p?
13
Calculate the remainder when 254/10 - 27/(-45) is divided by 14.
12
Let y(t) = -t**3 + 7*t**2 - t - 2. Let j be y(3). Let a = j - 0. What is the remainder when a is divided by 8?
7
Suppose 0 = -5*b - 5*j + 175, -j = -3*b - 2*b + 199. Let m = b + -27. Let o(g) = 8*g**2 + 2*g - 3. What is the remainder when m is divided by o(1)?
5
Let g(u) = -u**3 - 2*u**2 + 3. What is the remainder when 58 is divided by g(-3)?
10
Let f be 1 - 1 - (1 - 3). Let p be (1 - f)*(-10)/2. Suppose -2*s - 105 = -p*g, -4*g + 15 = -s - 66. Calculate the remainder when 55 is divided by g.
17
Suppose 2*t - 20 - 46 = 0. Let s be (-3)/1*161/(-21). Suppose -s = 5*z - 68. What is the remainder when t is divided by z?
6
Let s = 1 + 10. Let m be (-2 + 0)/(-1 - 0). Suppose -4*t + 7 = -13, m*f - 32 = -4*t. What is the remainder when s is divided by f?
5
Suppose 33 + 6 = 3*g. Calculate the remainder when g is divided by 3.
1
Suppose 0*a - 3*a = -162. Suppose -2*c = -4*d - a + 156, -2*d - 3*c = -71. Calculate the remainder when d is divided by 15.
13
Suppose -j = -3 + 6. Let i(k) = -7*k + 4. What is the remainder when i(j) is divided by 4?
1
Let q = -1 - -3. Let s be 1 - q/(-4)*0. What is the remainder when 13 is divided by ((-2)/(-1) + 5)*s?
6
Let a = 24 - 21. Suppose 5*d - 3*h + 10 = h, 0 = 4*d - a*h + 7. What is the remainder when 5 is divided by d?
1
Let y(u) = 10*u**2 + 8*u - 12. Let i(t) = t**2 + t - 1. Let q(v) = 22*i(v) - 2*y(v). What is the remainder when q(-5) is divided by (2 + -2)/2 + 12?
10
Calculate the remainder when 63/2*8/12 is divided by 7.
0
Suppose 98 = 4*h - 2*h. Calculate the remainder when h is divided by 25.
24
Suppose c = p + 27, 0 = -4*c - 2*p + 59 + 25. What is the remainder when 43 is divided by c?
20
Let o(k) = k**3 + 7*k**2 + 7*k - 4. Let n be o(-6). Let v = 15 + n. Calculate the remainder when v is divided by 2.
1
Suppose 0 = -y + 4*y - 4*p - 1, p = y + 1. What is the remainder when (-1)/((10/16)/y) is divided by 4?
0
Let d = 8 + 22. Calculate the remainder when 57 is divided by d.
27
Suppose 0 = -3*w + 4*w - 4. Let d = -39 - -75. Suppose d = -w*z + 92. Calculate the remainder when 26 is divided by z.
12
Suppose 3*a = d + 58 + 63, -a + 5*d + 59 = 0. What is the remainder when 115 is divided by a?
37
Suppose 0 = -3*v - 9, -8*k - 4*v = -5*k. Suppose 12 = 4*m, 2*m = 3*r - 0*m - 27. What is the remainder when r is divided by k?
3
Calculate the remainder when 28 is divided by (-1)/3 + 31/3.
8
Suppose -3*a + 12 = -a. Suppose f = 2*d + a, -4*d = -5*f + d + 30. Calculate the remainder when f is divided by 4.
2
What is the remainder when 43 is divided by 1/5 + 1 + (-148)/(-10)?
11
Suppose -5*l - 11 = -41. Let x = l + 11. What is the remainder when x is divided by 6?
5
Suppose 0*z - 5*z = -15, 3*x + 2*z - 69 = 0. What is the remainder when 81 is divided by x?
18
Suppose 0 = 9*v - 10*v + 139. What is the remainder when v is divided by 14?
13
Let d(f) = f**3 + 9*f**2 - 5*f - 5. Let u(h) = 12*h**3 - h**2. Let x be u(1). Let m = x - -3. What is the remainder when d(-9) is divided by m?
12
Let b be ((-10)/5)/((-2)/4). Suppose b*f = 5*f - 22. Suppose -38 = -7*q + 2*q + 4*x, q = 3*x + 12. What is the remainder when f is divided by q?
4
Suppose 24 = f - 37. Calculate the remainder when f is divided by 21.
19
Suppose -y - 29 + 113 = -2*z, 5*z = 15. Calculate the remainder when y is divided by 31.
28
Let f be 26/14 - 2/(-14). Suppose f*s + 54 = 4*s. What is the remainder when s is divided by 6?
3
Let a = 31 + -12. Suppose a = t - 3. What is the remainder when 63 is divided by t?
19
Suppose -8 = 4*a, 4*h = a - 2*a + 218. What is the remainder when h is divided by (-507)/(-27) + (16/(-9) - -2)?
17
Let g be 6/(-15) - (-291)/15. Suppose 4*o = i - g, -i + 3*o = 4*o - 24. Calculate the remainder when i is divided by 8.
7
Suppose 2*x = -4 + 14. Suppose -x = -m + 1. What is the remainder when 22 is divided by m?
4
Let a = -126 + 201. Suppose 0 = 3*t - 84 - a. Calculate the remainder when t is divided by 18.
17
Let g = 4 + -4. What is the remainder when (-2)/(-8) + 91/4 is divided by -1*(8*-1 + g)?
7
Let x = -42 - -101. Suppose 2*a = g - 0*g + 23, -5*a = -4*g - x. Calculate the remainder when 42 is divided by a.
9
Let n be 537/9 + 3/9. Let h = -15 + n. Suppose -2*z - 3*z + h = 0. What is the remainder when z is divided by 5?
4
Suppose d - 4*k + 17 = 0, -8 = 2*d - d - k. Let y = 0 - d. Suppose -3*f - f + 31 = y*g, -3*g = -f + 29. What is the remainder when 26 is divided by f?
12
Suppose -2*d - 5*j = -2*j - 31, -d + 12 = -2*j. Let q = -679 + 706. Calculate the remainder when q is divided by d.
13
Let w = -10 - -13. What is the remainder when (-3 - w)/((-6)/27) is divided by 14?
13
Suppose 4*b - 2*p = -b + 21, 0 = -4*p - 12. Suppose 6*o = b*o + 18. Suppose -o*f + f = -5. What is the remainder when 1 is divided by f?
0
Let v = 13 + -9. Let u(p) = p**3 - 11*p**2 + 16*p + 20. What is the remainder when v is divided by u(9)?
0
Let g(b) = 13*b**2 + b + 1. What is the remainder when 48 is divided by g(-1)?
9
Let c = 0 + 2. Let o = c - 2. Let m = o + 1. Calculate the remainder when m is divided by 1.
0
Let f(r) = -2*r**2 + 6*r - 2. Let n be f(4). Let a be 5*-2*(-2)/n. Calculate the remainder when 236/7 + a/(-7) is divided by 12.
10
Suppose 7*v = 3*o 